{"id":1553197,"date":"2026-04-27T14:21:21","date_gmt":"2026-04-27T14:21:21","guid":{"rendered":"https:\/\/foundinspain.com\/?property=fantastico-apartamento-en-esquina"},"modified":"2026-04-27T14:21:21","modified_gmt":"2026-04-27T14:21:21","slug":"fantastico-apartamento-en-esquina","status":"publish","type":"property","link":"https:\/\/foundinspain.com\/?property=fantastico-apartamento-en-esquina","title":{"rendered":"Ground Floor Apartment in La Cala de Mijas"},"content":{"rendered":"<p>Fant\u00e1stico apartamento en esquina.<\/p>\n<p>Este hermoso apartamento se encuentra en una comunidad tranquila a solo 4 minutos en coche de La Cala de Mijas. <\/p>\n<p>Al entrar, a la izquierda se encuentra la amplia cocina equipada con todos los electrodom\u00e9sticos necesarios. La cocina semiabierta colinda con la sala de estar luminosa y espaciosa.<br \/>\nDesde la sala de estar se puede acceder a la terraza, esta terraza ofrece espacio para una mesa de comedor con sillas y tumbonas, aqu\u00ed se puede disfrutar del sol por la tarde y la noche. <\/p>\n<p>Adem\u00e1s, el apartamento tiene 1 dormitorio grande con armarios empotrados y un ba\u00f1o espacioso. En todo el apartamento hay persianas el\u00e9ctricas en las ventanas.<br \/>\nTodo el apartamento est\u00e1 en un estado excelente y sin ning\u00fan trabajo se puede disfrutar inmediatamente de esta vivienda.<br \/>\nEste inmueble incluye una plaza de aparcamiento privada en el garaje y justo al lado de este aparcamiento, un trastero con mucho espacio y un armario empotrado.<\/p>\n<p>La comunidad cuenta con tres hermosas piscinas y hay un conserje presente en la entrada principal durante todo el d\u00eda.<\/p>\n<p>\u00a1Un apartamento muy bonito que se entrega con muchos muebles de primera clase!<\/p>\n<p>\u00a1Haz una cita r\u00e1pidamente para una visita!<\/p>\n","protected":false},"excerpt":{"rendered":"<p>Fant\u00e1stico apartamento en esquina. Este hermoso apartamento se encuentra en una comunidad tranquila a solo 4 minutos en coche de La Cala de Mijas. Al entrar, a la izquierda se encuentra la amplia cocina equipada con todos los electrodom\u00e9sticos necesarios. La cocina semiabierta colinda con la sala de estar luminosa y espaciosa. Desde la sala [&hellip;]<\/p>\n","protected":false},"author":2,"featured_media":1553198,"parent":0,"menu_order":0,"template":"","property_type":[395],"property_status":[121],"property_feature":[],"property_label":[],"property_country":[],"property_state":[],"property_city":[415],"property_area":[],"class_list":["post-1553197","property","type-property","status-publish","has-post-thumbnail","hentry","property_type-apartamento-planta-baja","property_status-en-venta","property_city-la-cala-de-mijas"],"aioseo_notices":[],"property_meta":{"fave_property_id":["R5364856"],"fave_propery_reloaded":["2026-04-28"],"fave_property_price":["295000"],"fave_property_size_prefix":["m\u00b2"],"fave_property_land_postfix":["m\u00b2"],"fave_property_size":["80"],"fave_property_land":["0"],"fave_property_bedrooms":["1"],"fave_property_bathrooms":["1"],"fave_featured":["0"],"houzez_featured_listing_date":[""],"fave_property_images":["1553198","1553199","1553200","1553201","1553202","1553203","1553204","1553205","1553206","1553207","1553208","1553209","1553210","1553211","1553212","1553213","1553214","1553215","1553216","1553217","1553218","1553219","1553220","1553221","1553222","1553223"],"_thumbnail_id":["1553198"],"houzez_total_property_views":["5"],"houzez_views_by_date":["a:2:{s:10:\"04-27-2026\";i:3;s:10:\"04-29-2026\";i:2;}"],"houzez_recently_viewed":["2026-04-29 10:41:41"]},"_links":{"self":[{"href":"https:\/\/foundinspain.com\/index.php?rest_route=\/wp\/v2\/properties\/1553197","targetHints":{"allow":["GET"]}}],"collection":[{"href":"https:\/\/foundinspain.com\/index.php?rest_route=\/wp\/v2\/properties"}],"about":[{"href":"https:\/\/foundinspain.com\/index.php?rest_route=\/wp\/v2\/types\/property"}],"author":[{"embeddable":true,"href":"https:\/\/foundinspain.com\/index.php?rest_route=\/wp\/v2\/users\/2"}],"version-history":[{"count":0,"href":"https:\/\/foundinspain.com\/index.php?rest_route=\/wp\/v2\/properties\/1553197\/revisions"}],"wp:featuredmedia":[{"embeddable":true,"href":"https:\/\/foundinspain.com\/index.php?rest_route=\/wp\/v2\/media\/1553198"}],"wp:attachment":[{"href":"https:\/\/foundinspain.com\/index.php?rest_route=%2Fwp%2Fv2%2Fmedia&parent=1553197"}],"wp:term":[{"taxonomy":"property_type","embeddable":true,"href":"https:\/\/foundinspain.com\/index.php?rest_route=%2Fwp%2Fv2%2Fproperty_type&post=1553197"},{"taxonomy":"property_status","embeddable":true,"href":"https:\/\/foundinspain.com\/index.php?rest_route=%2Fwp%2Fv2%2Fproperty_status&post=1553197"},{"taxonomy":"property_feature","embeddable":true,"href":"https:\/\/foundinspain.com\/index.php?rest_route=%2Fwp%2Fv2%2Fproperty_feature&post=1553197"},{"taxonomy":"property_label","embeddable":true,"href":"https:\/\/foundinspain.com\/index.php?rest_route=%2Fwp%2Fv2%2Fproperty_label&post=1553197"},{"taxonomy":"property_country","embeddable":true,"href":"https:\/\/foundinspain.com\/index.php?rest_route=%2Fwp%2Fv2%2Fproperty_country&post=1553197"},{"taxonomy":"property_state","embeddable":true,"href":"https:\/\/foundinspain.com\/index.php?rest_route=%2Fwp%2Fv2%2Fproperty_state&post=1553197"},{"taxonomy":"property_city","embeddable":true,"href":"https:\/\/foundinspain.com\/index.php?rest_route=%2Fwp%2Fv2%2Fproperty_city&post=1553197"},{"taxonomy":"property_area","embeddable":true,"href":"https:\/\/foundinspain.com\/index.php?rest_route=%2Fwp%2Fv2%2Fproperty_area&post=1553197"}],"curies":[{"name":"wp","href":"https:\/\/api.w.org\/{rel}","templated":true}]}}

<p>Fantástico apartamento en esquina.</p>
<p>Este hermoso apartamento se encuentra en una comunidad tranquila a solo 4 minutos en coche de La Cala de Mijas. </p>
<p>Al entrar, a la izquierda se encuentra la amplia cocina equipada con todos los electrodomésticos necesarios. La cocina semiabierta colinda con la sala de estar luminosa y espaciosa.<br />
Desde la sala de estar se puede acceder a la terraza, esta terraza ofrece espacio para una mesa de comedor con sillas y tumbonas, aquí se puede disfrutar del sol por la tarde y la noche. </p>
<p>Además, el apartamento tiene 1 dormitorio grande con armarios empotrados y un baño espacioso. En todo el apartamento hay persianas eléctricas en las ventanas.<br />
Todo el apartamento está en un estado excelente y sin ningún trabajo se puede disfrutar inmediatamente de esta vivienda.<br />
Este inmueble incluye una plaza de aparcamiento privada en el garaje y justo al lado de este aparcamiento, un trastero con mucho espacio y un armario empotrado.</p>
<p>La comunidad cuenta con tres hermosas piscinas y hay un conserje presente en la entrada principal durante todo el día.</p>
<p>¡Un apartamento muy bonito que se entrega con muchos muebles de primera clase!</p>
<p>¡Haz una cita rápidamente para una visita!</p>

<p>Fantástico apartamento en esquina. Este hermoso apartamento se encuentra en una comunidad tranquila a solo 4 minutos en coche de La Cala de Mijas. Al entrar, a la izquierda se encuentra la amplia cocina equipada con todos los electrodomésticos necesarios. La cocina semiabierta colinda con la sala de estar luminosa y espaciosa. Desde la sala [&hellip;]</p>
