{"id":1542880,"date":"2026-04-21T14:25:22","date_gmt":"2026-04-21T14:25:22","guid":{"rendered":"https:\/\/foundinspain.com\/?property=atico-duplex-ubicado-en-calle-sebastian-eslava-cerca-del-centro-de-malaga"},"modified":"2026-04-21T14:25:22","modified_gmt":"2026-04-21T14:25:22","slug":"atico-duplex-ubicado-en-calle-sebastian-eslava-cerca-del-centro-de-malaga","status":"publish","type":"property","link":"https:\/\/foundinspain.com\/?property=atico-duplex-ubicado-en-calle-sebastian-eslava-cerca-del-centro-de-malaga","title":{"rendered":"Duplex Penthouse in Bailen Miraflores"},"content":{"rendered":"<p>\u00c1tico d\u00faplex ubicado en calle Sebasti\u00e1n Eslava, cerca del centro de M\u00e1laga. Con 95 m\u00b2 construidos, se distribuye en dos niveles y est\u00e1 dise\u00f1ado para ofrecer funcionalidad y confort.La vivienda se organiza desde un vest\u00edbulo de entrada y pasillo distribuidor que conducen a un luminoso sal\u00f3n-comedor con cocina integrada, completamente equipada y amueblada, creando un espacio abierto y pr\u00e1ctico para el d\u00eda a d\u00eda. En esta misma planta se ubican uno de los dormitorios y un ba\u00f1o completo. A trav\u00e9s de una escalera interior se accede a la planta superior, donde se encuentra el segundo dormitorio y una fant\u00e1stica terraza privada de 17,59 m\u00b2, un espacio vers\u00e1til ideal para habilitar zona de descanso, sol\u00e1rium o comedor exterior y disfrutar del excelente clima durante todo el a\u00f1o. La propiedad incluye adem\u00e1s una plaza de garaje y un trastero, ambos incluidos en el precio, lo que aporta un plus de comodidad y capacidad de almacenamiento. Ubicado en un barrio consolidado de M\u00e1laga capital, con todos los servicios necesarios en el entorno -supermercados, centros de salud, comercios y colegios, y a tan solo 20 minutos a pie del centro, adem\u00e1s de contar con excelentes conexiones mediante transporte p\u00fablico.<\/p>\n","protected":false},"excerpt":{"rendered":"<p>\u00c1tico d\u00faplex ubicado en calle Sebasti\u00e1n Eslava, cerca del centro de M\u00e1laga. Con 95 m\u00b2 construidos, se distribuye en dos niveles y est\u00e1 dise\u00f1ado para ofrecer funcionalidad y confort.La vivienda se organiza desde un vest\u00edbulo de entrada y pasillo distribuidor que conducen a un luminoso sal\u00f3n-comedor con cocina integrada, completamente equipada y amueblada, creando un [&hellip;]<\/p>\n","protected":false},"author":2,"featured_media":1542881,"parent":0,"menu_order":0,"template":"","property_type":[421],"property_status":[121],"property_feature":[],"property_label":[],"property_country":[],"property_state":[],"property_city":[632],"property_area":[],"class_list":["post-1542880","property","type-property","status-publish","has-post-thumbnail","hentry","property_type-atico-duplex","property_status-en-venta","property_city-bailen-miraflores"],"aioseo_notices":[],"property_meta":{"fave_property_id":["R5319103"],"fave_propery_reloaded":["2026-04-30"],"fave_property_price":["315000"],"fave_property_size_prefix":["m\u00b2"],"fave_property_land_postfix":["m\u00b2"],"fave_property_size":["95"],"fave_property_land":["0"],"fave_property_bedrooms":["2"],"fave_property_bathrooms":["1"],"fave_featured":["0"],"houzez_featured_listing_date":[""],"fave_property_images":["1542881","1542882","1542883","1542884","1542885","1542886","1542887","1542888","1542889","1542890","1542891","1542892","1542893"],"_thumbnail_id":["1542881"],"houzez_total_property_views":["6"],"houzez_views_by_date":["a:4:{s:10:\"04-22-2026\";i:1;s:10:\"04-23-2026\";i:2;s:10:\"04-27-2026\";i:2;s:10:\"04-30-2026\";i:1;}"],"houzez_recently_viewed":["2026-04-30 13:57:19"]},"_links":{"self":[{"href":"https:\/\/foundinspain.com\/index.php?rest_route=\/wp\/v2\/properties\/1542880","targetHints":{"allow":["GET"]}}],"collection":[{"href":"https:\/\/foundinspain.com\/index.php?rest_route=\/wp\/v2\/properties"}],"about":[{"href":"https:\/\/foundinspain.com\/index.php?rest_route=\/wp\/v2\/types\/property"}],"author":[{"embeddable":true,"href":"https:\/\/foundinspain.com\/index.php?rest_route=\/wp\/v2\/users\/2"}],"version-history":[{"count":0,"href":"https:\/\/foundinspain.com\/index.php?rest_route=\/wp\/v2\/properties\/1542880\/revisions"}],"wp:featuredmedia":[{"embeddable":true,"href":"https:\/\/foundinspain.com\/index.php?rest_route=\/wp\/v2\/media\/1542881"}],"wp:attachment":[{"href":"https:\/\/foundinspain.com\/index.php?rest_route=%2Fwp%2Fv2%2Fmedia&parent=1542880"}],"wp:term":[{"taxonomy":"property_type","embeddable":true,"href":"https:\/\/foundinspain.com\/index.php?rest_route=%2Fwp%2Fv2%2Fproperty_type&post=1542880"},{"taxonomy":"property_status","embeddable":true,"href":"https:\/\/foundinspain.com\/index.php?rest_route=%2Fwp%2Fv2%2Fproperty_status&post=1542880"},{"taxonomy":"property_feature","embeddable":true,"href":"https:\/\/foundinspain.com\/index.php?rest_route=%2Fwp%2Fv2%2Fproperty_feature&post=1542880"},{"taxonomy":"property_label","embeddable":true,"href":"https:\/\/foundinspain.com\/index.php?rest_route=%2Fwp%2Fv2%2Fproperty_label&post=1542880"},{"taxonomy":"property_country","embeddable":true,"href":"https:\/\/foundinspain.com\/index.php?rest_route=%2Fwp%2Fv2%2Fproperty_country&post=1542880"},{"taxonomy":"property_state","embeddable":true,"href":"https:\/\/foundinspain.com\/index.php?rest_route=%2Fwp%2Fv2%2Fproperty_state&post=1542880"},{"taxonomy":"property_city","embeddable":true,"href":"https:\/\/foundinspain.com\/index.php?rest_route=%2Fwp%2Fv2%2Fproperty_city&post=1542880"},{"taxonomy":"property_area","embeddable":true,"href":"https:\/\/foundinspain.com\/index.php?rest_route=%2Fwp%2Fv2%2Fproperty_area&post=1542880"}],"curies":[{"name":"wp","href":"https:\/\/api.w.org\/{rel}","templated":true}]}}

<p>Ático dúplex ubicado en calle Sebastián Eslava, cerca del centro de Málaga. Con 95 m² construidos, se distribuye en dos niveles y está diseñado para ofrecer funcionalidad y confort.La vivienda se organiza desde un vestíbulo de entrada y pasillo distribuidor que conducen a un luminoso salón-comedor con cocina integrada, completamente equipada y amueblada, creando un espacio abierto y práctico para el día a día. En esta misma planta se ubican uno de los dormitorios y un baño completo. A través de una escalera interior se accede a la planta superior, donde se encuentra el segundo dormitorio y una fantástica terraza privada de 17,59 m², un espacio versátil ideal para habilitar zona de descanso, solárium o comedor exterior y disfrutar del excelente clima durante todo el año. La propiedad incluye además una plaza de garaje y un trastero, ambos incluidos en el precio, lo que aporta un plus de comodidad y capacidad de almacenamiento. Ubicado en un barrio consolidado de Málaga capital, con todos los servicios necesarios en el entorno -supermercados, centros de salud, comercios y colegios, y a tan solo 20 minutos a pie del centro, además de contar con excelentes conexiones mediante transporte público.</p>

<p>Ático dúplex ubicado en calle Sebastián Eslava, cerca del centro de Málaga. Con 95 m² construidos, se distribuye en dos niveles y está diseñado para ofrecer funcionalidad y confort.La vivienda se organiza desde un vestíbulo de entrada y pasillo distribuidor que conducen a un luminoso salón-comedor con cocina integrada, completamente equipada y amueblada, creando un [&hellip;]</p>
