{"id":1429753,"date":"2026-03-30T18:30:28","date_gmt":"2026-03-30T18:30:28","guid":{"rendered":"https:\/\/foundinspain.com\/?property=apartamento-reformado-con-vistas-impresionantes-al-mar-en-primera-linea-de-playa"},"modified":"2026-03-30T18:30:28","modified_gmt":"2026-03-30T18:30:28","slug":"apartamento-reformado-con-vistas-impresionantes-al-mar-en-primera-linea-de-playa","status":"publish","type":"property","link":"https:\/\/foundinspain.com\/?property=apartamento-reformado-con-vistas-impresionantes-al-mar-en-primera-linea-de-playa","title":{"rendered":"Middle Floor Apartment in Marbella"},"content":{"rendered":"<p>Apartamento reformado con vistas impresionantes al mar en primera l\u00ednea de playa.<\/p>\n<p>Este precioso apartamento completamente reformado se encuentra en primera l\u00ednea de playa, en la zona del Puerto Deportivo de Marbella, una ubicaci\u00f3n inmejorable con todos los servicios necesarios, restaurantes y la playa a unos pasos.<\/p>\n<p>La vivienda ofrece unas vistas panor\u00e1micas al mar desde las dos habitaciones y la terraza. Dispone de dos dormitorios y dos ba\u00f1os (uno en suite), una cocina americana totalmente equipada y abierta al luminoso sal\u00f3n, creando un ambiente moderno y acogedor ideal para disfrutar del estilo de vida costero.<\/p>\n<p>Incluye plaza de garaje subterr\u00e1nea y trastero.<br \/>\nLa urbanizaci\u00f3n cuenta con tres entradas: una en la Avenida Duque de Ahumada, otra en la Avenida Antonio Bel\u00f3n, y la tercera en la Calle Sevillano. Adem\u00e1s, dispone de una piscina en la azotea y servicio de conserjer\u00eda 24 horas.<\/p>\n<p>Un hogar ideal para quienes buscan confort, elegancia y una ubicaci\u00f3n privilegiada\u00a0frente\u00a0al\u00a0mar.<\/p>\n<p>Tienes a su disposici\u00f3n el documento informativo abreviado. Gastos: Impuestos (ITP o IVA +AJD) + Gastos notariales y registrales.<\/p>\n<p>NGS.<\/p>\n","protected":false},"excerpt":{"rendered":"<p>Apartamento reformado con vistas impresionantes al mar en primera l\u00ednea de playa. Este precioso apartamento completamente reformado se encuentra en primera l\u00ednea de playa, en la zona del Puerto Deportivo de Marbella, una ubicaci\u00f3n inmejorable con todos los servicios necesarios, restaurantes y la playa a unos pasos. La vivienda ofrece unas vistas panor\u00e1micas al mar [&hellip;]<\/p>\n","protected":false},"author":2,"featured_media":1429754,"parent":0,"menu_order":0,"template":"","property_type":[393],"property_status":[121],"property_feature":[],"property_label":[],"property_country":[],"property_state":[],"property_city":[386],"property_area":[],"class_list":["post-1429753","property","type-property","status-publish","has-post-thumbnail","hentry","property_type-apartamento-planta-media","property_status-en-venta","property_city-marbella"],"aioseo_notices":[],"property_meta":{"fave_property_id":["R5225908"],"fave_propery_reloaded":["2026-04-30"],"fave_property_price":["910000"],"fave_property_size_prefix":["m\u00b2"],"fave_property_land_postfix":["m\u00b2"],"fave_property_size":["112"],"fave_property_land":["0"],"fave_property_bedrooms":["2"],"fave_property_bathrooms":["2"],"fave_featured":["0"],"houzez_featured_listing_date":[""],"fave_property_images":["1429754","1429755","1429756","1429757","1429758","1429759","1429760","1429761","1429762","1429763","1429764","1429765","1429766","1429767","1429768","1429769","1429770","1429771","1429772","1429773","1429774","1429775","1429776","1429777","1429778","1429779","1429780","1429781","1429782","1429783","1429784","1429785","1429786","1429787","1429788","1429789","1429790","1429791","1429792","1429793","1429794","1429795","1429796","1429797","1429798","1429799","1429800","1429801","1429802","1429803"],"_thumbnail_id":["1429754"],"houzez_total_property_views":["18"],"houzez_views_by_date":["a:10:{s:10:\"04-04-2026\";i:1;s:10:\"04-09-2026\";i:2;s:10:\"04-10-2026\";i:1;s:10:\"04-13-2026\";i:1;s:10:\"04-14-2026\";i:2;s:10:\"04-18-2026\";i:2;s:10:\"04-24-2026\";i:2;s:10:\"04-27-2026\";i:4;s:10:\"04-30-2026\";i:1;s:10:\"05-01-2026\";i:2;}"],"houzez_recently_viewed":["2026-05-01 05:52:40"]},"_links":{"self":[{"href":"https:\/\/foundinspain.com\/index.php?rest_route=\/wp\/v2\/properties\/1429753","targetHints":{"allow":["GET"]}}],"collection":[{"href":"https:\/\/foundinspain.com\/index.php?rest_route=\/wp\/v2\/properties"}],"about":[{"href":"https:\/\/foundinspain.com\/index.php?rest_route=\/wp\/v2\/types\/property"}],"author":[{"embeddable":true,"href":"https:\/\/foundinspain.com\/index.php?rest_route=\/wp\/v2\/users\/2"}],"version-history":[{"count":0,"href":"https:\/\/foundinspain.com\/index.php?rest_route=\/wp\/v2\/properties\/1429753\/revisions"}],"wp:featuredmedia":[{"embeddable":true,"href":"https:\/\/foundinspain.com\/index.php?rest_route=\/wp\/v2\/media\/1429754"}],"wp:attachment":[{"href":"https:\/\/foundinspain.com\/index.php?rest_route=%2Fwp%2Fv2%2Fmedia&parent=1429753"}],"wp:term":[{"taxonomy":"property_type","embeddable":true,"href":"https:\/\/foundinspain.com\/index.php?rest_route=%2Fwp%2Fv2%2Fproperty_type&post=1429753"},{"taxonomy":"property_status","embeddable":true,"href":"https:\/\/foundinspain.com\/index.php?rest_route=%2Fwp%2Fv2%2Fproperty_status&post=1429753"},{"taxonomy":"property_feature","embeddable":true,"href":"https:\/\/foundinspain.com\/index.php?rest_route=%2Fwp%2Fv2%2Fproperty_feature&post=1429753"},{"taxonomy":"property_label","embeddable":true,"href":"https:\/\/foundinspain.com\/index.php?rest_route=%2Fwp%2Fv2%2Fproperty_label&post=1429753"},{"taxonomy":"property_country","embeddable":true,"href":"https:\/\/foundinspain.com\/index.php?rest_route=%2Fwp%2Fv2%2Fproperty_country&post=1429753"},{"taxonomy":"property_state","embeddable":true,"href":"https:\/\/foundinspain.com\/index.php?rest_route=%2Fwp%2Fv2%2Fproperty_state&post=1429753"},{"taxonomy":"property_city","embeddable":true,"href":"https:\/\/foundinspain.com\/index.php?rest_route=%2Fwp%2Fv2%2Fproperty_city&post=1429753"},{"taxonomy":"property_area","embeddable":true,"href":"https:\/\/foundinspain.com\/index.php?rest_route=%2Fwp%2Fv2%2Fproperty_area&post=1429753"}],"curies":[{"name":"wp","href":"https:\/\/api.w.org\/{rel}","templated":true}]}}

<p>Apartamento reformado con vistas impresionantes al mar en primera línea de playa.</p>
<p>Este precioso apartamento completamente reformado se encuentra en primera línea de playa, en la zona del Puerto Deportivo de Marbella, una ubicación inmejorable con todos los servicios necesarios, restaurantes y la playa a unos pasos.</p>
<p>La vivienda ofrece unas vistas panorámicas al mar desde las dos habitaciones y la terraza. Dispone de dos dormitorios y dos baños (uno en suite), una cocina americana totalmente equipada y abierta al luminoso salón, creando un ambiente moderno y acogedor ideal para disfrutar del estilo de vida costero.</p>
<p>Incluye plaza de garaje subterránea y trastero.<br />
La urbanización cuenta con tres entradas: una en la Avenida Duque de Ahumada, otra en la Avenida Antonio Belón, y la tercera en la Calle Sevillano. Además, dispone de una piscina en la azotea y servicio de conserjería 24 horas.</p>
<p>Un hogar ideal para quienes buscan confort, elegancia y una ubicación privilegiada frente al mar.</p>
<p>Tienes a su disposición el documento informativo abreviado. Gastos: Impuestos (ITP o IVA +AJD) + Gastos notariales y registrales.</p>
<p>NGS.</p>

<p>Apartamento reformado con vistas impresionantes al mar en primera línea de playa. Este precioso apartamento completamente reformado se encuentra en primera línea de playa, en la zona del Puerto Deportivo de Marbella, una ubicación inmejorable con todos los servicios necesarios, restaurantes y la playa a unos pasos. La vivienda ofrece unas vistas panorámicas al mar [&hellip;]</p>
