{"id":1347505,"date":"2026-03-27T14:52:05","date_gmt":"2026-03-27T14:52:05","guid":{"rendered":"https:\/\/foundinspain.com\/?property=excelente-oportunidad"},"modified":"2026-03-27T14:52:05","modified_gmt":"2026-03-27T14:52:05","slug":"excelente-oportunidad","status":"publish","type":"property","link":"https:\/\/foundinspain.com\/?property=excelente-oportunidad","title":{"rendered":"Town House in La Cala"},"content":{"rendered":"<p>Excelente oportunidad.<br \/>\nPrecioso adosado con espectaculares vistas al mar y a la monta\u00f1a.<br \/>\nLa propiedad se encuentra en la codiciada urbanizaci\u00f3n Terrazas de Calamijas a un par de minutos de La Cala.<\/p>\n<p>Este coqueto adosado tiene tres niveles:<br \/>\nEn el primero, encontramos una bonita terraza en la entrada. Una vez en el interior, a mano izquierda est\u00e1 la cocina, de estilo moderno y totalmente equipada. Tambi\u00e9n un hermoso sal\u00f3n y un aseo.<br \/>\nAccedemos por la escalera a la primera planta donde llegamos a un precioso sal\u00f3n-recibidor por el que accedemos a dos dormitorios:<br \/>\nEl principal con enorme ba\u00f1o en suite y un impresionante vestidor, adem\u00e1s, una mon\u00edsima terraza con unas vistas que te dejar\u00e1n alucinado.<br \/>\nEl segundo dormitorio es muy amplio y luminoso con acceso directo al ba\u00f1o.<br \/>\nFinalmente, se hizo una renovaci\u00f3n con ampliaci\u00f3n y se ha ganado un tercer nivel donde se ha creado un peque\u00f1o estudio-despacho.<\/p>\n<p>El adosado tiene dos plazas de aparcamiento. Una cubierta en el garaje del complejo y otra exterior en el interior de la urbanizaci\u00f3n<br \/>\nAdem\u00e1s, la comunidad dispone de 2 piscinas, una de adultos y otra para ni\u00f1os, y una pista de p\u00e1del.<br \/>\nEl recinto est\u00e1 totalmente cerrado y vigilado por c\u00e1maras.<br \/>\nLa playa est\u00e1 a s\u00f3lo 4 minutos en coche y hay un Lidl a solo 1 minuto en coche.<\/p>\n","protected":false},"excerpt":{"rendered":"<p>Excelente oportunidad. Precioso adosado con espectaculares vistas al mar y a la monta\u00f1a. La propiedad se encuentra en la codiciada urbanizaci\u00f3n Terrazas de Calamijas a un par de minutos de La Cala. Este coqueto adosado tiene tres niveles: En el primero, encontramos una bonita terraza en la entrada. Una vez en el interior, a mano [&hellip;]<\/p>\n","protected":false},"author":2,"featured_media":1347506,"parent":0,"menu_order":0,"template":"","property_type":[423],"property_status":[121],"property_feature":[],"property_label":[],"property_country":[],"property_state":[],"property_city":[564],"property_area":[],"class_list":["post-1347505","property","type-property","status-publish","has-post-thumbnail","hentry","property_type-adosada","property_status-en-venta","property_city-la-cala"],"aioseo_notices":[],"property_meta":{"fave_property_id":["R5315287"],"fave_propery_reloaded":["2026-04-29"],"fave_property_price":["430000"],"fave_property_size_prefix":["m\u00b2"],"fave_property_land_postfix":["m\u00b2"],"fave_property_size":["105"],"fave_property_land":["0"],"fave_property_bedrooms":["2"],"fave_property_bathrooms":["2"],"fave_featured":["0"],"houzez_featured_listing_date":[""],"fave_property_images":["1347506","1347507","1347508","1347509","1347510","1347511","1347512","1347513","1347514","1347515","1347516","1347517","1347518","1347519","1347520","1347521","1347522","1347523","1347524","1347525","1347526","1347527","1347528","1347529","1347530","1347531","1347532","1347533","1347534","1347535","1347536","1347537","1347538","1347539","1347540","1347541","1347542","1347543","1347544","1347545","1347546"],"_thumbnail_id":["1347506"],"houzez_total_property_views":["22"],"houzez_views_by_date":["a:12:{s:10:\"03-27-2026\";i:1;s:10:\"03-29-2026\";i:3;s:10:\"04-01-2026\";i:1;s:10:\"04-04-2026\";i:2;s:10:\"04-07-2026\";i:1;s:10:\"04-09-2026\";i:2;s:10:\"04-14-2026\";i:2;s:10:\"04-18-2026\";i:2;s:10:\"04-24-2026\";i:2;s:10:\"04-26-2026\";i:2;s:10:\"04-27-2026\";i:2;s:10:\"04-29-2026\";i:2;}"],"houzez_recently_viewed":["2026-04-29 22:52:28"]},"_links":{"self":[{"href":"https:\/\/foundinspain.com\/index.php?rest_route=\/wp\/v2\/properties\/1347505","targetHints":{"allow":["GET"]}}],"collection":[{"href":"https:\/\/foundinspain.com\/index.php?rest_route=\/wp\/v2\/properties"}],"about":[{"href":"https:\/\/foundinspain.com\/index.php?rest_route=\/wp\/v2\/types\/property"}],"author":[{"embeddable":true,"href":"https:\/\/foundinspain.com\/index.php?rest_route=\/wp\/v2\/users\/2"}],"version-history":[{"count":0,"href":"https:\/\/foundinspain.com\/index.php?rest_route=\/wp\/v2\/properties\/1347505\/revisions"}],"wp:featuredmedia":[{"embeddable":true,"href":"https:\/\/foundinspain.com\/index.php?rest_route=\/wp\/v2\/media\/1347506"}],"wp:attachment":[{"href":"https:\/\/foundinspain.com\/index.php?rest_route=%2Fwp%2Fv2%2Fmedia&parent=1347505"}],"wp:term":[{"taxonomy":"property_type","embeddable":true,"href":"https:\/\/foundinspain.com\/index.php?rest_route=%2Fwp%2Fv2%2Fproperty_type&post=1347505"},{"taxonomy":"property_status","embeddable":true,"href":"https:\/\/foundinspain.com\/index.php?rest_route=%2Fwp%2Fv2%2Fproperty_status&post=1347505"},{"taxonomy":"property_feature","embeddable":true,"href":"https:\/\/foundinspain.com\/index.php?rest_route=%2Fwp%2Fv2%2Fproperty_feature&post=1347505"},{"taxonomy":"property_label","embeddable":true,"href":"https:\/\/foundinspain.com\/index.php?rest_route=%2Fwp%2Fv2%2Fproperty_label&post=1347505"},{"taxonomy":"property_country","embeddable":true,"href":"https:\/\/foundinspain.com\/index.php?rest_route=%2Fwp%2Fv2%2Fproperty_country&post=1347505"},{"taxonomy":"property_state","embeddable":true,"href":"https:\/\/foundinspain.com\/index.php?rest_route=%2Fwp%2Fv2%2Fproperty_state&post=1347505"},{"taxonomy":"property_city","embeddable":true,"href":"https:\/\/foundinspain.com\/index.php?rest_route=%2Fwp%2Fv2%2Fproperty_city&post=1347505"},{"taxonomy":"property_area","embeddable":true,"href":"https:\/\/foundinspain.com\/index.php?rest_route=%2Fwp%2Fv2%2Fproperty_area&post=1347505"}],"curies":[{"name":"wp","href":"https:\/\/api.w.org\/{rel}","templated":true}]}}

<p>Excelente oportunidad.<br />
Precioso adosado con espectaculares vistas al mar y a la montaña.<br />
La propiedad se encuentra en la codiciada urbanización Terrazas de Calamijas a un par de minutos de La Cala.</p>
<p>Este coqueto adosado tiene tres niveles:<br />
En el primero, encontramos una bonita terraza en la entrada. Una vez en el interior, a mano izquierda está la cocina, de estilo moderno y totalmente equipada. También un hermoso salón y un aseo.<br />
Accedemos por la escalera a la primera planta donde llegamos a un precioso salón-recibidor por el que accedemos a dos dormitorios:<br />
El principal con enorme baño en suite y un impresionante vestidor, además, una monísima terraza con unas vistas que te dejarán alucinado.<br />
El segundo dormitorio es muy amplio y luminoso con acceso directo al baño.<br />
Finalmente, se hizo una renovación con ampliación y se ha ganado un tercer nivel donde se ha creado un pequeño estudio-despacho.</p>
<p>El adosado tiene dos plazas de aparcamiento. Una cubierta en el garaje del complejo y otra exterior en el interior de la urbanización<br />
Además, la comunidad dispone de 2 piscinas, una de adultos y otra para niños, y una pista de pádel.<br />
El recinto está totalmente cerrado y vigilado por cámaras.<br />
La playa está a sólo 4 minutos en coche y hay un Lidl a solo 1 minuto en coche.</p>

<p>Excelente oportunidad. Precioso adosado con espectaculares vistas al mar y a la montaña. La propiedad se encuentra en la codiciada urbanización Terrazas de Calamijas a un par de minutos de La Cala. Este coqueto adosado tiene tres niveles: En el primero, encontramos una bonita terraza en la entrada. Una vez en el interior, a mano [&hellip;]</p>
