{"id":1322468,"date":"2026-03-26T22:56:24","date_gmt":"2026-03-26T22:56:24","guid":{"rendered":"https:\/\/foundinspain.com\/?property=apartamento-planta-media-la-cala-de-mijas-costa-del-sol-2"},"modified":"2026-03-26T22:56:24","modified_gmt":"2026-03-26T22:56:24","slug":"apartamento-planta-media-la-cala-de-mijas-costa-del-sol-2","status":"publish","type":"property","link":"https:\/\/foundinspain.com\/?property=apartamento-planta-media-la-cala-de-mijas-costa-del-sol-2","title":{"rendered":"Ground Floor Apartment in La Cala de Mijas"},"content":{"rendered":"<p>Apartamento Planta Media, La Cala de Mijas, Costa del Sol. y uno en la planta baja.  Planta Baja es de dos dormitorios  precio 325,000\u20ac y 2\u00ba planta 2 dormitorios y 2 ba\u00f1os 375,000\u20ac<br \/>\n2 Dormitorios, 2 Ba\u00f1os, Construidos 60 m\u00b2, Terraza 10 m\u00b2.<\/p>\n<p>Posici\u00f3n : Lado de la Playa, Pueblo, Cerca de Tiendas, Cerca del Mar, Cerca de Colegios.<br \/>\nOrientaci\u00f3n : Oeste, Noroeste.<br \/>\nEstado : Excelente, Nueva Construcci\u00f3n.<br \/>\nClimatizaci\u00f3n : Aire Acondicionado.<br \/>\nVistas : Monta\u00f1a, Calle.<br \/>\nCaracteristicas : Terraza Cubierta, Ascensor, Armarios Empotrados, Terraza Privada, Ba\u00f1o En-Suite, Suelos de M\u00e1rmol, Doble acristalamiento, Fibra \u00f3ptica.<br \/>\nMuebles : Sin Amueblar.<br \/>\nCocina : Equipada.<br \/>\nSeguridad : Portero Autom\u00e1tico.<br \/>\nAparcamiento : Calle.<br \/>\nCategor\u00eda : Casas de vacaci\u00f3nes, Inversion, Reventa.<\/p>\n","protected":false},"excerpt":{"rendered":"<p>Apartamento Planta Media, La Cala de Mijas, Costa del Sol. y uno en la planta baja. Planta Baja es de dos dormitorios precio 325,000\u20ac y 2\u00ba planta 2 dormitorios y 2 ba\u00f1os 375,000\u20ac 2 Dormitorios, 2 Ba\u00f1os, Construidos 60 m\u00b2, Terraza 10 m\u00b2. Posici\u00f3n : Lado de la Playa, Pueblo, Cerca de Tiendas, Cerca del [&hellip;]<\/p>\n","protected":false},"author":2,"featured_media":1322469,"parent":0,"menu_order":0,"template":"","property_type":[395],"property_status":[121],"property_feature":[],"property_label":[],"property_country":[],"property_state":[],"property_city":[415],"property_area":[],"class_list":["post-1322468","property","type-property","status-publish","has-post-thumbnail","hentry","property_type-apartamento-planta-baja","property_status-en-venta","property_city-la-cala-de-mijas"],"aioseo_notices":[],"property_meta":{"fave_property_id":["R5321827"],"fave_propery_reloaded":["2026-04-27"],"fave_property_price":["320000"],"fave_property_size_prefix":["m\u00b2"],"fave_property_land_postfix":["m\u00b2"],"fave_property_size":["60"],"fave_property_land":["0"],"fave_property_bedrooms":["2"],"fave_property_bathrooms":["1"],"fave_featured":["0"],"houzez_featured_listing_date":[""],"fave_property_images":["1322469","1322470","1322471","1322472","1322473","1322474","1322475","1322476","1322477","1322478","1322479","1322480","1322481","1322482","1322483"],"_thumbnail_id":["1322469"],"houzez_total_property_views":["14"],"houzez_views_by_date":["a:9:{s:10:\"03-29-2026\";i:1;s:10:\"04-05-2026\";i:1;s:10:\"04-10-2026\";i:1;s:10:\"04-15-2026\";i:1;s:10:\"04-18-2026\";i:2;s:10:\"04-23-2026\";i:2;s:10:\"04-25-2026\";i:1;s:10:\"04-27-2026\";i:2;s:10:\"04-29-2026\";i:3;}"],"houzez_recently_viewed":["2026-04-29 18:04:12"]},"_links":{"self":[{"href":"https:\/\/foundinspain.com\/index.php?rest_route=\/wp\/v2\/properties\/1322468","targetHints":{"allow":["GET"]}}],"collection":[{"href":"https:\/\/foundinspain.com\/index.php?rest_route=\/wp\/v2\/properties"}],"about":[{"href":"https:\/\/foundinspain.com\/index.php?rest_route=\/wp\/v2\/types\/property"}],"author":[{"embeddable":true,"href":"https:\/\/foundinspain.com\/index.php?rest_route=\/wp\/v2\/users\/2"}],"version-history":[{"count":0,"href":"https:\/\/foundinspain.com\/index.php?rest_route=\/wp\/v2\/properties\/1322468\/revisions"}],"wp:featuredmedia":[{"embeddable":true,"href":"https:\/\/foundinspain.com\/index.php?rest_route=\/wp\/v2\/media\/1322469"}],"wp:attachment":[{"href":"https:\/\/foundinspain.com\/index.php?rest_route=%2Fwp%2Fv2%2Fmedia&parent=1322468"}],"wp:term":[{"taxonomy":"property_type","embeddable":true,"href":"https:\/\/foundinspain.com\/index.php?rest_route=%2Fwp%2Fv2%2Fproperty_type&post=1322468"},{"taxonomy":"property_status","embeddable":true,"href":"https:\/\/foundinspain.com\/index.php?rest_route=%2Fwp%2Fv2%2Fproperty_status&post=1322468"},{"taxonomy":"property_feature","embeddable":true,"href":"https:\/\/foundinspain.com\/index.php?rest_route=%2Fwp%2Fv2%2Fproperty_feature&post=1322468"},{"taxonomy":"property_label","embeddable":true,"href":"https:\/\/foundinspain.com\/index.php?rest_route=%2Fwp%2Fv2%2Fproperty_label&post=1322468"},{"taxonomy":"property_country","embeddable":true,"href":"https:\/\/foundinspain.com\/index.php?rest_route=%2Fwp%2Fv2%2Fproperty_country&post=1322468"},{"taxonomy":"property_state","embeddable":true,"href":"https:\/\/foundinspain.com\/index.php?rest_route=%2Fwp%2Fv2%2Fproperty_state&post=1322468"},{"taxonomy":"property_city","embeddable":true,"href":"https:\/\/foundinspain.com\/index.php?rest_route=%2Fwp%2Fv2%2Fproperty_city&post=1322468"},{"taxonomy":"property_area","embeddable":true,"href":"https:\/\/foundinspain.com\/index.php?rest_route=%2Fwp%2Fv2%2Fproperty_area&post=1322468"}],"curies":[{"name":"wp","href":"https:\/\/api.w.org\/{rel}","templated":true}]}}

<p>Apartamento Planta Media, La Cala de Mijas, Costa del Sol. y uno en la planta baja.  Planta Baja es de dos dormitorios  precio 325,000€ y 2º planta 2 dormitorios y 2 baños 375,000€<br />
2 Dormitorios, 2 Baños, Construidos 60 m², Terraza 10 m².</p>
<p>Posición : Lado de la Playa, Pueblo, Cerca de Tiendas, Cerca del Mar, Cerca de Colegios.<br />
Orientación : Oeste, Noroeste.<br />
Estado : Excelente, Nueva Construcción.<br />
Climatización : Aire Acondicionado.<br />
Vistas : Montaña, Calle.<br />
Caracteristicas : Terraza Cubierta, Ascensor, Armarios Empotrados, Terraza Privada, Baño En-Suite, Suelos de Mármol, Doble acristalamiento, Fibra óptica.<br />
Muebles : Sin Amueblar.<br />
Cocina : Equipada.<br />
Seguridad : Portero Automático.<br />
Aparcamiento : Calle.<br />
Categoría : Casas de vacaciónes, Inversion, Reventa.</p>

<p>Apartamento Planta Media, La Cala de Mijas, Costa del Sol. y uno en la planta baja. Planta Baja es de dos dormitorios precio 325,000€ y 2º planta 2 dormitorios y 2 baños 375,000€ 2 Dormitorios, 2 Baños, Construidos 60 m², Terraza 10 m². Posición : Lado de la Playa, Pueblo, Cerca de Tiendas, Cerca del [&hellip;]</p>
