{"id":1320678,"date":"2026-03-26T21:51:38","date_gmt":"2026-03-26T21:51:38","guid":{"rendered":"https:\/\/foundinspain.com\/?property=la-vivienda-es-completamente-exterior"},"modified":"2026-03-26T21:51:38","modified_gmt":"2026-03-26T21:51:38","slug":"la-vivienda-es-completamente-exterior","status":"publish","type":"property","link":"https:\/\/foundinspain.com\/?property=la-vivienda-es-completamente-exterior","title":{"rendered":"Middle Floor Apartment in Manilva"},"content":{"rendered":"<p>La vivienda es completamente exterior.<br \/>\nTiene 146 metros cuadrados, y consta de:<br \/>\n&#8211; Sal\u00f3n, pensado para tener 2 ambientes, con sof\u00e1 XXL para disfrutar de la TV 65 pulgadas LG QNED.<br \/>\n&#8211; Cocina y lavadero completamente equipados con electrodom\u00e9sticos con Eficiencia Energ\u00e9tica A.<br \/>\n&#8211; Dormitorio muy amplio con cama de matrimonio y armario a medida, y TV 55 pulgadas LG QNED.<br \/>\n&#8211; Ba\u00f1o principal con ba\u00f1era de hidromasaje.<br \/>\n&#8211; Dormitorio Juvenil con cama de 1,35 m, con acceso a balc\u00f3n exterior.<br \/>\n&#8211; Terraza con las mejores vistas de Sabinillas que incluye mesa extensible para disfrutar de las incre\u00edbles puestas de sol.<br \/>\n&#8211; Plaza de Parking + Trastero<br \/>\n&#8211; Zonas Comunes: que incluyen 4 piscinas comunitarias y pista de p\u00e1del.<br \/>\n&#8211; Extras: Persianas el\u00e9ctricas, Armarios empotrados, Canap\u00e9s Abatibles Flex, Aire Acondicionado en toda la vivienda, Ventanas con Doble Acristalamiento, Cierres de Aluminio corredizos, Cortinas a medida, Luces con cambios de intensidad, Cajoneras, ventiladores de techo en los dormitorios, chimenea el\u00e9ctrica,.. .<\/p>\n<p>Se encuentra disponible para entrar a vivir ya que tiene:<br \/>\n&#8211; Suministros de luz, agua e instalaci\u00f3n de WiFi 6G<br \/>\n&#8211; TVs empotradas para evitar cables innecesarios.<br \/>\n&#8211; Alarma instalada.<br \/>\nApartamento Planta Media, Manilva, Costa del Sol.<br \/>\n2 Dormitorios, 2 Ba\u00f1os, Construidos 126 m\u00b2, Terraza 20 m\u00b2.<\/p>\n<p>Posici\u00f3n : Cerca de Ciudad, Cerca de Colegios, Urbanizaci\u00f3n.<br \/>\nOrientaci\u00f3n : Sur.<br \/>\nEstado : Excelente.<br \/>\nPiscina : Comunitaria, Piscina de Ni\u00f1os.<br \/>\nClimatizaci\u00f3n : Aire Acondicionado, A\/A Caliente, A\/A Frio.<br \/>\nVistas : Mar, Monta\u00f1a.<br \/>\nCaracteristicas : Terraza Cubierta, Ascensor, Armarios Empotrados, Terraza Privada, WiFi, Trastero, Lavadero, Ba\u00f1o En-Suite, Acceso para personas con movilidad reducida, Doble acristalamiento.<br \/>\nMuebles : Amueblada.<br \/>\nCocina : Equipada.<br \/>\nJardin : Comunitario.<br \/>\nSeguridad : Recinto Cerrado, Persianas El\u00e9ctricas, Seguridad 24 Horas.<br \/>\nAparcamiento : Subterr\u00e1neo, Garaje, Cubierto, Privado.<br \/>\nCategor\u00eda : Reventa.<\/p>\n","protected":false},"excerpt":{"rendered":"<p>La vivienda es completamente exterior. Tiene 146 metros cuadrados, y consta de: &#8211; Sal\u00f3n, pensado para tener 2 ambientes, con sof\u00e1 XXL para disfrutar de la TV 65 pulgadas LG QNED. &#8211; Cocina y lavadero completamente equipados con electrodom\u00e9sticos con Eficiencia Energ\u00e9tica A. &#8211; Dormitorio muy amplio con cama de matrimonio y armario a medida, [&hellip;]<\/p>\n","protected":false},"author":2,"featured_media":1320679,"parent":0,"menu_order":0,"template":"","property_type":[393],"property_status":[121],"property_feature":[],"property_label":[],"property_country":[],"property_state":[],"property_city":[517],"property_area":[],"class_list":["post-1320678","property","type-property","status-publish","has-post-thumbnail","hentry","property_type-apartamento-planta-media","property_status-en-venta","property_city-manilva"],"aioseo_notices":[],"property_meta":{"fave_property_id":["R5126191"],"fave_propery_reloaded":["2026-04-29"],"fave_property_price":["315000"],"fave_property_size_prefix":["m\u00b2"],"fave_property_land_postfix":["m\u00b2"],"fave_property_size":["126"],"fave_property_land":["0"],"fave_property_bedrooms":["2"],"fave_property_bathrooms":["2"],"fave_featured":["0"],"houzez_featured_listing_date":[""],"fave_property_images":["1320679","1320680","1320681","1320682","1320683","1320684","1320685","1320686","1320687","1320688","1320689","1320690","1320691","1320692","1320693","1320694","1320695","1320696","1320697","1320698","1320699","1320700","1320701","1320702","1320703","1320704","1320705","1320706"],"_thumbnail_id":["1320679"],"houzez_total_property_views":["20"],"houzez_views_by_date":["a:13:{s:10:\"03-29-2026\";i:2;s:10:\"04-03-2026\";i:2;s:10:\"04-09-2026\";i:2;s:10:\"04-10-2026\";i:1;s:10:\"04-12-2026\";i:1;s:10:\"04-14-2026\";i:2;s:10:\"04-18-2026\";i:2;s:10:\"04-22-2026\";i:1;s:10:\"04-23-2026\";i:2;s:10:\"04-25-2026\";i:1;s:10:\"04-27-2026\";i:2;s:10:\"04-29-2026\";i:1;s:10:\"04-30-2026\";i:1;}"],"houzez_recently_viewed":["2026-04-30 00:20:58"]},"_links":{"self":[{"href":"https:\/\/foundinspain.com\/index.php?rest_route=\/wp\/v2\/properties\/1320678","targetHints":{"allow":["GET"]}}],"collection":[{"href":"https:\/\/foundinspain.com\/index.php?rest_route=\/wp\/v2\/properties"}],"about":[{"href":"https:\/\/foundinspain.com\/index.php?rest_route=\/wp\/v2\/types\/property"}],"author":[{"embeddable":true,"href":"https:\/\/foundinspain.com\/index.php?rest_route=\/wp\/v2\/users\/2"}],"version-history":[{"count":0,"href":"https:\/\/foundinspain.com\/index.php?rest_route=\/wp\/v2\/properties\/1320678\/revisions"}],"wp:featuredmedia":[{"embeddable":true,"href":"https:\/\/foundinspain.com\/index.php?rest_route=\/wp\/v2\/media\/1320679"}],"wp:attachment":[{"href":"https:\/\/foundinspain.com\/index.php?rest_route=%2Fwp%2Fv2%2Fmedia&parent=1320678"}],"wp:term":[{"taxonomy":"property_type","embeddable":true,"href":"https:\/\/foundinspain.com\/index.php?rest_route=%2Fwp%2Fv2%2Fproperty_type&post=1320678"},{"taxonomy":"property_status","embeddable":true,"href":"https:\/\/foundinspain.com\/index.php?rest_route=%2Fwp%2Fv2%2Fproperty_status&post=1320678"},{"taxonomy":"property_feature","embeddable":true,"href":"https:\/\/foundinspain.com\/index.php?rest_route=%2Fwp%2Fv2%2Fproperty_feature&post=1320678"},{"taxonomy":"property_label","embeddable":true,"href":"https:\/\/foundinspain.com\/index.php?rest_route=%2Fwp%2Fv2%2Fproperty_label&post=1320678"},{"taxonomy":"property_country","embeddable":true,"href":"https:\/\/foundinspain.com\/index.php?rest_route=%2Fwp%2Fv2%2Fproperty_country&post=1320678"},{"taxonomy":"property_state","embeddable":true,"href":"https:\/\/foundinspain.com\/index.php?rest_route=%2Fwp%2Fv2%2Fproperty_state&post=1320678"},{"taxonomy":"property_city","embeddable":true,"href":"https:\/\/foundinspain.com\/index.php?rest_route=%2Fwp%2Fv2%2Fproperty_city&post=1320678"},{"taxonomy":"property_area","embeddable":true,"href":"https:\/\/foundinspain.com\/index.php?rest_route=%2Fwp%2Fv2%2Fproperty_area&post=1320678"}],"curies":[{"name":"wp","href":"https:\/\/api.w.org\/{rel}","templated":true}]}}

<p>La vivienda es completamente exterior.<br />
Tiene 146 metros cuadrados, y consta de:<br />
&#8211; Salón, pensado para tener 2 ambientes, con sofá XXL para disfrutar de la TV 65 pulgadas LG QNED.<br />
&#8211; Cocina y lavadero completamente equipados con electrodomésticos con Eficiencia Energética A.<br />
&#8211; Dormitorio muy amplio con cama de matrimonio y armario a medida, y TV 55 pulgadas LG QNED.<br />
&#8211; Baño principal con bañera de hidromasaje.<br />
&#8211; Dormitorio Juvenil con cama de 1,35 m, con acceso a balcón exterior.<br />
&#8211; Terraza con las mejores vistas de Sabinillas que incluye mesa extensible para disfrutar de las increíbles puestas de sol.<br />
&#8211; Plaza de Parking + Trastero<br />
&#8211; Zonas Comunes: que incluyen 4 piscinas comunitarias y pista de pádel.<br />
&#8211; Extras: Persianas eléctricas, Armarios empotrados, Canapés Abatibles Flex, Aire Acondicionado en toda la vivienda, Ventanas con Doble Acristalamiento, Cierres de Aluminio corredizos, Cortinas a medida, Luces con cambios de intensidad, Cajoneras, ventiladores de techo en los dormitorios, chimenea eléctrica,.. .</p>
<p>Se encuentra disponible para entrar a vivir ya que tiene:<br />
&#8211; Suministros de luz, agua e instalación de WiFi 6G<br />
&#8211; TVs empotradas para evitar cables innecesarios.<br />
&#8211; Alarma instalada.<br />
Apartamento Planta Media, Manilva, Costa del Sol.<br />
2 Dormitorios, 2 Baños, Construidos 126 m², Terraza 20 m².</p>
<p>Posición : Cerca de Ciudad, Cerca de Colegios, Urbanización.<br />
Orientación : Sur.<br />
Estado : Excelente.<br />
Piscina : Comunitaria, Piscina de Niños.<br />
Climatización : Aire Acondicionado, A/A Caliente, A/A Frio.<br />
Vistas : Mar, Montaña.<br />
Caracteristicas : Terraza Cubierta, Ascensor, Armarios Empotrados, Terraza Privada, WiFi, Trastero, Lavadero, Baño En-Suite, Acceso para personas con movilidad reducida, Doble acristalamiento.<br />
Muebles : Amueblada.<br />
Cocina : Equipada.<br />
Jardin : Comunitario.<br />
Seguridad : Recinto Cerrado, Persianas Eléctricas, Seguridad 24 Horas.<br />
Aparcamiento : Subterráneo, Garaje, Cubierto, Privado.<br />
Categoría : Reventa.</p>

<p>La vivienda es completamente exterior. Tiene 146 metros cuadrados, y consta de: &#8211; Salón, pensado para tener 2 ambientes, con sofá XXL para disfrutar de la TV 65 pulgadas LG QNED. &#8211; Cocina y lavadero completamente equipados con electrodomésticos con Eficiencia Energética A. &#8211; Dormitorio muy amplio con cama de matrimonio y armario a medida, [&hellip;]</p>
